vide 112030?
False
Is 546 a factor of 1514604?
True
Does 17 divide 198233?
False
Does 236 divide 1207612?
True
Is 35 a factor of 269494?
False
Is 272631 a multiple of 19?
True
Is 58 a factor of 13575886?
True
Does 10 divide 17138?
False
Is 238 a factor of 259420?
True
Is 7 a factor of 1775605?
False
Is 81 a factor of 60743?
False
Does 5 divide 5197050?
True
Is 16 a factor of 148571?
False
Is 107970 a multiple of 15?
True
Is 26 a factor of 985686?
True
Is 18 a factor of 1591038?
True
Is 1432334 a multiple of 126?
False
Does 1083 divide 293493?
True
Is 6 a factor of 417036?
True
Does 2 divide 169849?
False
Does 18 divide 1862046?
True
Is 845773 a multiple of 214?
False
Is 98 a factor of 4072690?
False
Is 707 a factor of 140693?
True
Is 5 a factor of 389428?
False
Is 73 a factor of 2924961?
False
Is 9 a factor of 1944396?
True
Does 6 divide 102660?
True
Is 21163475 a multiple of 104?
False
Is 19 a factor of 480822?
False
Is 15 a factor of 1598223?
False
Is 4976273 a multiple of 371?
False
Is 1263 a factor of 5559111?
False
Is 787 a factor of 2121799?
False
Is 52 a factor of 8956?
False
Does 168 divide 732685?
False
Does 7 divide 16953?
False
Is 49 a factor of 318201?
False
Does 29 divide 1487202?
False
Is 4 a factor of 5748?
True
Is 12 a factor of 417864?
True
Is 7 a factor of 1310304?
False
Does 66 divide 45936?
True
Does 9 divide 721090?
False
Does 36 divide 139284?
True
Is 5776046 a multiple of 53?
True
Does 353 divide 58042?
False
Does 152 divide 383213?
False
Is 320 a factor of 634880?
True
Does 91 divide 125489?
True
Is 19 a factor of 24906?
False
Is 5281526 a multiple of 319?
False
Is 116381 a multiple of 18?
False
Does 63 divide 10143526?
False
Does 12 divide 184557?
False
Is 317538 a multiple of 12?
False
Does 43 divide 33980?
False
Is 1558560 a multiple of 160?
True
Is 3 a factor of 619645?
False
Is 3476772 a multiple of 741?
True
Is 67 a factor of 544576?
True
Is 1039 a factor of 851980?
True
Does 90 divide 4183153?
False
Does 28 divide 4573621?
False
Is 42 a factor of 163968?
True
Is 3000786 a multiple of 89?
False
Is 135 a factor of 18056?
False
Is 15 a factor of 97395?
True
Does 12 divide 39084?
True
Is 133203 a multiple of 6?
False
Is 7 a factor of 46293?
False
Is 82905 a multiple of 13?
False
Does 7 divide 288096?
False
Is 320145 a multiple of 21?
True
Is 1922288 a multiple of 235?
False
Does 33 divide 272300?
False
Does 119 divide 334004?
False
Is 712 a multiple of 178?
True
Is 11 a factor of 360515?
False
Does 16 divide 1062465?
False
Is 21 a factor of 682640?
False
Is 30 a factor of 3722820?
True
Is 118 a factor of 617140?
True
Does 495 divide 374220?
True
Does 16 divide 1641440?
True
Is 161569 a multiple of 344?
False
Does 267 divide 3008825?
False
Is 38 a factor of 139524?
False
Is 370144 a multiple of 86?
True
Is 3 a factor of 474369?
True
Does 21 divide 4105542?
True
Is 181395 a multiple of 37?
False
Is 908666 a multiple of 124?
False
Is 3944600 a multiple of 484?
True
Does 314 divide 1122659?
False
Does 23 divide 2025127?
True
Is 232166 a multiple of 11?
True
Does 315 divide 1258425?
True
Is 7 a factor of 1067563?
True
Is 1501888 a multiple of 245?
False
Is 193 a factor of 1295607?
False
Is 1292623 a multiple of 43?
True
Does 11 divide 110209?
True
Does 82 divide 82608?
False
Is 2606821 a multiple of 293?
True
Is 4341760 a multiple of 320?
True
Is 280 a factor of 395976?
False
Does 59 divide 729407?
False
Is 200 a factor of 2953600?
True
Is 373062 a multiple of 22?
False
Is 4 a factor of 1028856?
True
Is 4252889 a multiple of 63?
False
Is 23 a factor of 1895177?
True
Is 22462463 a multiple of 40?
False
Is 14 a factor of 308532?
True
Is 62 a factor of 313844?
True
Does 14 divide 852630?
False
Is 31859 even?
False
Is 20 a factor of 1729460?
True
Is 14 a factor of 195734?
True
Is 327 a factor of 6308157?
True
Does 30 divide 7146934?
False
Does 26 divide 917410?
True
Is 35 a factor of 71226?
False
Does 6 divide 36936?
True
Is 970484 a multiple of 290?
False
Does 23 divide 1597965?
False
Does 26 divide 73008?
True
Does 138 divide 118143?
False
Is 763620 a multiple of 96?
False
Is 118433 a multiple of 258?
False
Is 2065350 a multiple of 175?
True
Is 4658168 a multiple of 142?
True
Is 85096 a multiple of 332?
False
Does 9 divide 205398?
True
Does 165 divide 21475410?
True
Is 503 a factor of 110157?
True
Is 5 a factor of 689500?
True
Is 332625 a multiple of 344?
False
Is 855 a multiple of 45?
True
Does 8 divide 26593?
False
Is 13 a factor of 2138906?
False
Does 43 divide 49502?
False
Does 269 divide 309350?
True
Is 7 a factor of 5587834?
True
Is 1040728 a multiple of 13?
True
Does 16 divide 6467?
False
Does 8 divide 6923780?
False
Does 104 divide 103006?
False
Is 1112201 a multiple of 4?
False
Is 289168 a multiple of 62?
True
Is 1045254 a multiple of 14?
True
Does 2 divide 743227?
False
Is 602 a factor of 20523274?
False
Does 70 divide 888227?
False
Is 101 a factor of 592769?
True
Does 2 divide 9670?
True
Is 84 a factor of 395919?
False
Is 32 a factor of 484768?
True
Is 62073 a multiple of 9?
True
Is 61084 a multiple of 4?
True
Is 290895 a multiple of 16?
False
Is 46 a factor of 21370881?
False
Is 607 a factor of 5544338?
True
Is 32 a factor of 1065184?
True
Is 54 a factor of 1371360?
False
Is 109332 a multiple of 90?
False
Is 13 a factor of 686521?
False
Is 32692650 a multiple of 1005?
True
Is 568350 a multiple of 90?
True
Does 80 divide 115731?
False
Is 192 a factor of 83904?
True
Is 1616 a multiple of 160?
False
Is 14 a factor of 292843?
False
Does 334 divide 32019105?
False
Is 150159 a multiple of 12?
False
Does 3 divide 5013579?
True
Is 225 a factor of 5710275?
True
Is 629 a factor of 7033478?
True
Is 597 a factor of 8468560?
False
Does 13 divide 1834963?
True
Is 207235 a multiple of 217?
True
Does 11 divide 10947611?
False
Does 13 divide 435539?
True
Does 263 divide 67328?
True
Does 424 divide 419598?
False
Does 11 divide 142428?
True
Is 116 a factor of 341272?
True
Is 35 a factor of 200504?
False
Is 618379 a multiple of 57?
False
Is 729127 a multiple of 1242?
False
Is 520750 a multiple of 125?
True
Does 273 divide 153699?
True
Is 57 a factor of 1689765?
True
Is 2546787 a multiple of 3?
True
Does 21 divide 17871?
True
Is 35280 a multiple of 35?
True
Is 6653355 a multiple of 15?
True
Does 26 divide 2381522?
True
Is 197340 a multiple of 506?
True
Is 161 a factor of 6285?
False
Is 81 a factor of 2330782?
False
Is 45 a factor of 11155?
False
Is 1199 a factor of 1270940?
True
Does 92 divide 12251364?
True
Is 1874422 a multiple of 13?
False
Is 1521027 a multiple of 118?
False
Is 1173648 a multiple of 784?
True
Does 20 divide 1622638?
False
Does 11 divide 306526?
True
Is 13 a factor of 355824?
False
Is 12 a factor of 10552740?
True
Is 2137081 a multiple of 179?
True
Does 9 divide 70768?
False
Does 81 divide 8435560?
False
Is 7121598 a multiple of 80?
False
Is 15323917 a multiple of 49?
True
Does 51 divide 89548?
False
Is 290114 a multiple of 130?
False
Is 6 a factor of 47088?
True
Is 3933417 a multiple of 19?
False
Does 3 divide 10612?
False
Does 153 divide 421?
False
Does 2 divide 76412?
True
Is 52864 a multiple of 7?
True
Does 185 divide 2361559?
False
Is 19 a factor of 280996?
False
Does 10 divide 87443?
False
Does 35 divide 1319010?
True
Is 6 a factor of 79414?
False
Does 16 divide 4480?
True
Does 4 divide 728978?
False
Is 154498 a multiple of 31?
False
Is 534 a factor of 10174302?
True
Is 3173787 a multiple of 417?
True
Is 6675546 a multiple of 429?
False
Does 694 divide 2430701?
False
Is 1653313 a multiple of 29?
False
Does 97 divide 1635614?
True
Is 73 a factor of 8587397?
False
Does 244 divide 316224?
True
Does 1074 divide 3437485?
False
Is 34 a factor of 519520?
True
Does 104 divide 3830677?
False
Is 15664 a multiple of 4?
True
Is 44 a factor of 611688?
True
Is 10 a factor of 444290?
True
Is 9328 a multiple of 53?
True
Is 28 a factor of 218904?
True
Does 4 divide 175679?
False
Is 52 a factor of 7582?
False
Is 3 a factor of 49734?
True
Is 1464 a multiple of 19?
False
Is 5 a factor of 501335?
True
Does 36 divide 240768?
True
Does 25 divide 44591?
False
Is 388 a factor of 1098417?
False
Does 100 divide 39816?
False
Does 15 divide 10693410?
True
Is 10 a factor of 2011745?
False
Is 92 a factor of 2481229?
False
Is 491 a fa